late the remainder when 2246 is divided by y(-2).
6
Suppose 1741*t - 1754*t + 3133 = 0. Suppose -m + 27 = -22. Calculate the remainder when t is divided by m.
45
Let n(q) = 92*q**2 + 2*q + 1. Let a be n(-1). Let p = 50 - a. Let w = p - -59. Calculate the remainder when 28 is divided by w.
10
Let l = -19087 - -19477. Calculate the remainder when l is divided by 23.
22
Suppose -3*v = -9, 161 + 651 = s + 5*v. What is the remainder when s is divided by 50?
47
Suppose 0 = -3*v + 2*a + 35, 0 = v + a + 1 - 6. Let r = -139 + 206. What is the remainder when r is divided by v?
4
Let a(n) = -14*n**3 - 4*n**2 - n + 10. Let i be a(3). Let b = i + 29. What is the remainder when (108/14)/((-81)/b) is divided by 19?
17
Suppose -3*u = 5*p - 150, 7*u - 9*u + 90 = 3*p. Let n = 2224 + -1507. What is the remainder when n is divided by p?
27
Let c(k) = -2*k**2 + 72*k - 56. Calculate the remainder when 249 is divided by c(34).
9
Let o(u) = 89*u - 5299. Calculate the remainder when o(129) is divided by 1030.
2
Suppose -20*z + 864 = -2*z. Calculate the remainder when z is divided by (-28)/(-2) - 0/(-9).
6
Let c = 1 - -2. Suppose -5*z + 50 = -z - c*v, 0 = -5*z + 3*v + 64. What is the remainder when 276 is divided by z?
10
Let z(g) = -g**2 + 15*g. Let w be z(15). Suppose -3*n = 3*x - 15 - 0, 3*n - 4*x - 50 = w. What is the remainder when n is divided by 1/(-5) + 72/10?
3
Suppose -3*l + n + 3117 - 172 = 0, 4925 = 5*l - 5*n. Calculate the remainder when l is divided by 99.
89
Let h = -963 + 687. Let k(t) = t**3 - 11*t**2 - 14*t - 3. Let a be k(11). Let g = a - h. What is the remainder when g is divided by 11?
9
Suppose 150*r - 194184 = 121*r. Calculate the remainder when r is divided by 100.
96
Calculate the remainder when (-42)/(-280)*-12*-620 is divided by 80.
76
What is the remainder when ((-480)/(-20) - -5804) + -18 is divided by 153?
149
Let r = 145 + -145. Suppose r = -3*y + 127 + 95. Suppose 4*o - 45 = 5*k, 2*k = 5 + 1. Calculate the remainder when y is divided by o.
14
Let u(j) = -j**3 - 55*j**2 + 29*j + 77. What is the remainder when u(-57) is divided by 6?
2
Let v(t) = -56*t - 162. Calculate the remainder when 239 is divided by v(-3).
5
Suppose -1171 = -62*g + 1185. Suppose -a = -5*s - 41, 0 = -4*a - 4*s - 24 + 236. Calculate the remainder when a is divided by g.
13
Suppose 0 = -c - 0*f + 4*f + 12, f - 1 = 0. Suppose g + 244 = 4*v, -96 = -4*v + 4*g + 148. Let t = 70 - v. What is the remainder when c is divided by t?
7
Let t = 4705 + -4455. Calculate the remainder when t is divided by 33.
19
Suppose -8516 + 36461 = 101*p + 34*p. What is the remainder when p is divided by 23?
0
Let f be 10*7/(-14)*66/(-10). Suppose 0 = f*q - 14*q - 1501. Calculate the remainder when q is divided by 9.
7
Suppose 259 + 532 = 7*q. Suppose 737 - q = 13*h. Let t = 73 - 48. Calculate the remainder when h is divided by t.
23
Let k be (4 + 32/(-12))/(4/306). Let y = k + -64. Calculate the remainder when y is divided by 10.
8
Suppose 15686 = 791*q - 769*q. Calculate the remainder when q is divided by 228.
29
What is the remainder when 340 - 1 - (-269 + 276) is divided by 166?
0
Let m(i) = -22*i. Let x be m(2). What is the remainder when ((-12)/8)/((-23)/1334) is divided by (0 - -1)/((-2)/x)?
21
Let f = -110 - -227. Let p = f - 117. Suppose p = 4*d + 79 - 135. Calculate the remainder when 27 is divided by d.
13
Let g = -6 + 6. Suppose g = 5*y - 47 - 13. Let v = -6738 + 6772. What is the remainder when v is divided by y?
10
Let m = 87843 + -87780. Suppose 4*l - 28 = -4*f, 0 = -f - 0*l - 2*l + 7. What is the remainder when m is divided by f?
0
Suppose 17*z - 666 = -37*z + 1008. Calculate the remainder when 117 is divided by z.
24
What is the remainder when (7 - (2 + 0))*4002/138 is divided by 25?
20
Let m = 1 - -25. Let g(y) = 2*y - 42. Let t(f) = -4*f + 83. Let p(b) = -14*g(b) - 6*t(b). Calculate the remainder when m is divided by p(19).
12
Suppose 859*a - 858*a = -4*h + 340, 3*a = 24. What is the remainder when 2359 is divided by h?
35
Let w(p) = -p**3 - 5*p**2 - p - 4. Let r be w(-5). Suppose 2*c - r - 33 = 0. What is the remainder when (-2 - 2)/(63/(-7)*(-4)/(-414)) is divided by c?
12
Suppose 0 = -17*h - 224 + 343. Calculate the remainder when 26 is divided by h.
5
Suppose 418 + 5104 = 502*x. Calculate the remainder when 35 - 2*(-2 + 1) is divided by x.
4
Suppose 4*a + 19*a - 16036 = -15*a. Calculate the remainder when a is divided by 84.
2
Suppose 0 = -3*y + 9, -89*y = -3*g - 88*y + 432. What is the remainder when 281 is divided by g?
136
Suppose 0 = 2*r + 5*m + 26, -m - 2*m = r + 15. What is the remainder when 89 is divided by -45*(0 - (4 + r))?
44
Suppose -m - 737 = 8*m - 6533. Calculate the remainder when m is divided by 39.
20
Suppose 10197 = 75*n + 217*n + 17*n. What is the remainder when 1438 is divided by n?
19
Suppose 0 = s - 6*s + 60. Let y(j) = 20*j**2 + 620*j + 3. Calculate the remainder when s is divided by y(-31).
0
What is the remainder when (-3690)/1107*702/(-10) is divided by 135?
99
Suppose 0 = -k + 31 - 7. Suppose k = -23*t + 31*t. What is the remainder when 6 is divided by t?
0
Suppose 248*x - 12 = 244*x. Suppose -14*r - 3*y = -17*r + 195, -x*y - 9 = 0. What is the remainder when r is divided by 7?
6
Let k(c) = 12*c - 85. Let q be k(11). Suppose -2*y + q = 3*x, -14*y - 2*x - 90 = -17*y. Calculate the remainder when 65 is divided by y.
9
What is the remainder when 645 + 20 + (-15)/3 + 11 is divided by 112?
111
Calculate the remainder when 121 is divided by 654/24 + -5 + 1/(4/(-5)).
16
Let a be (-30)/9*(-1404)/45. Calculate the remainder when 194 is divided by 1544/a - 1*(-4)/26.
14
Suppose 156 = 3*o + b + 4*b, -5*b - 208 = -4*o. Suppose 57*s - 40 = o*s. What is the remainder when 103 is divided by s?
7
Suppose -105 = 2*g - 7*g. Suppose -5*o = 60, -1130*o + 174 = 2*y - 1126*o. Calculate the remainder when y is divided by g.
6
Let k be (-1)/(-2)*(2 + 16)*1. Let z be 2/k + -215*6/(-27). Let n = z - 18. Calculate the remainder when 57 is divided by n.
27
Let f(t) = -251*t + 10576. What is the remainder when 132 is divided by f(42)?
30
Let f(c) = -15 + 23*c**2 + 29*c**2 + 8*c + 36*c**2 - 77*c**2. Calculate the remainder when f(2) is divided by 3.
0
Let x = 10808 - 10717. What is the remainder when 12375 is divided by x?
90
Calculate the remainder when 847 is divided by (-55)/((-7)/(-35) + (-54)/20).
11
Let u(q) be the first derivative of 2*q**3 + 4*q**2 + 7*q - 25. What is the remainder when 87 is divided by u(-2)?
12
Let m(z) = 8*z**2 + 2 - 3 + 3*z**3 + 3*z - 2*z**3 - 3. Suppose 37*c - 9306 = -76*c + 14*c. What is the remainder when c is divided by m(-7)?
22
Let q(h) = -1381*h - 13054. What is the remainder when q(-10) is divided by 24?
12
Suppose -2707*g + 717 = -2689*g - 5547. What is the remainder when g is divided by 18?
6
Suppose -5*d + 252 = -238. Let a(h) = -h**2 + 11*h + 1. Let g be 12/5*70/21. What is the remainder when d is divided by a(g)?
23
Let c be -4 - (1/1 + 5). Let u be (c*(-1)/4)/(2/(-60)). Let m = -54 - u. What is the remainder when 79 is divided by m?
16
What is the remainder when 1022 is divided by (-24)/3 + (70 - (17 - 26))?
28
Let n = 10601 + -10001. Calculate the remainder when n is divided by 18.
6
What is the remainder when 1044 is divided by -2*75*4/(-8)?
69
Suppose -8002 = -2*d - 4*z, -2*z = 122*d - 117*d - 19989. Calculate the remainder when d is divided by 32.
29
Let k = 50 - 25. Suppose 28*j + 220 - 696 = 0. Let y = k + j. What is the remainder when 166 is divided by y?
40
Let w(q) = 20*q + 1. Let j(p) = 61*p + 3. Suppose 4*f - 3*f = 4. Let n(m) = f*j(m) - 11*w(m). What is the remainder when n(4) is divided by 20?
17
Suppose 0 = 14*o + 92 - 239 - 623. What is the remainder when 109 is divided by o?
54
Let y be 68/8 - 3/(-2). Suppose 12*t = -5*r + y*t + 21, -8 = -2*r - t. What is the remainder when 30 is divided by r?
0
Let z = 579 + -827. Let t = -26 - z. Calculate the remainder when t is divided by 57.
51
Suppose -898 = -2*r - 4*l, 5*r - 2*l - 562 = 1623. What is the remainder when r is divided by 3*((-535)/(-15) - -1)?
109
Let b = 17 + -41. Let s = b + 30. Suppose s*x - 175 = 29. Calculate the remainder when 100 is divided by x.
32
Calculate the remainder when (-1 - -1) + 203*54/42 is divided by 46.
31
Suppose -50*z + 2*z = -15840. Sup